{"id":26,"date":"2014-08-21T12:58:03","date_gmt":"2014-08-21T12:58:03","guid":{"rendered":"http:\/\/solyom.oroszlany.com\/?page_id=26"},"modified":"2017-10-17T09:26:13","modified_gmt":"2017-10-17T09:26:13","slug":"gondolatok-a-demokraciarol","status":"publish","type":"page","link":"https:\/\/solyom.oroszlany.com\/?page_id=26","title":{"rendered":"Gondolatok a demokr\u00e1ci\u00e1r\u00f3l"},"content":{"rendered":"<p>Ami\u00f3ta az emberis\u00e9g szervezett form\u00e1ban \u00e9li \u00e9let\u00e9t mindig fontos k\u00e9rd\u00e9s volt, hogy milyen m\u00f3don lehet egy k\u00f6z\u00f6ss\u00e9g tagjainak v\u00e9lem\u00e9ny\u00e9t figyelembe v\u00e9ve ir\u00e1ny\u00edtani a k\u00f6z\u00f6ss\u00e9g \u00e9let\u00e9t. A k\u00fcl\u00f6nb\u00f6z\u0151 korok mindig &#8222;kital\u00e1lt\u00e1k&#8221;, hogy milyen megold\u00e1sokat &#8222;kell&#8221; alkalmazni a &#8222;t\u00fal\u00e9l\u00e9s&#8221; \u00e9rdek\u00e9ben. A leger\u0151sebb ember, a legjobb vad\u00e1sz, a legb\u00f6lcsebb ember, vagy a legjobb gy\u00f3gy\u00edt\u00f3 \u00e9s a legszentebb ember szinte minden korban r\u00e9szese volt annak a &#8222;csapatnak&#8221;, akikre a k\u00f6z\u00f6ss\u00e9g tagjai r\u00e1b\u00edzt\u00e1k mindannyiuk \u00e9let\u00e9nek ir\u00e1ny\u00edt\u00e1s\u00e1t.<\/p>\n<p><img loading=\"lazy\" decoding=\"async\" class=\"alignleft wp-image-55\" src=\"http:\/\/solyom.oroszlany.com\/wp-content\/uploads\/2014\/08\/szocializmis.png\" alt=\"szocializmis\" width=\"160\" height=\"120\" \/>A k\u00f6z\u00f6ss\u00e9gek tagl\u00e9tsz\u00e1m\u00e1nak rohamos n\u00f6veked\u00e9s\u00e9nek probl\u00e9m\u00e1ja egyre komolyabb k\u00e9rd\u00e9seket vetett fel a vezet\u00e9s \u00e9s ir\u00e1ny\u00edt\u00e1s ter\u00fclet\u00e9n. A t\u00f6rzsf\u0151n\u00f6k\u00f6ket lassan felv\u00e1ltott\u00e1k a kir\u00e1lyok (uralkod\u00f3k), a var\u00e1zsl\u00f3kat az egyh\u00e1zak, a vad\u00e1szok katon\u00e1kk\u00e1 avanzs\u00e1ltak, akik az uralkod\u00f3 akarat\u00e1nak engedelmeskedve az ellens\u00e9g ellen vonultak, legyen ak\u00e1r k\u00fcls\u0151, ak\u00e1r bels\u0151 ellens\u00e9gr\u0151l sz\u00f3. A kir\u00e1lys\u00e1g \u00f6r\u00f6kl\u00e9s \u00fatj\u00e1n biztos\u00edtotta a vezet\u00e9s (ebben az esetben az uralkod\u00e1s) jog\u00e1t, kiz\u00e1rva mindenki m\u00e1st a ir\u00e1ny\u00edt\u00e1s lehet\u0151s\u00e9g\u00e9b\u0151l. Ezt a folyamatot csak er\u0151szakos cselekedetek voltak k\u00e9pesek megv\u00e1ltoztatni. Ennek eredm\u00e9nyek\u00e9nt klasszikus jogaikat gyakorl\u00f3 uralkod\u00f3k m\u00e1r nem l\u00e9teznek a vil\u00e1g m\u0171veltebb r\u00e9sz\u00e9n. Vagyis a k\u00f6z\u00f6ss\u00e9gek vezet\u0151i ma m\u00e1r m\u00e1s m\u00f3don v\u00e1laszt\u00f3dnak ki.<\/p>\n<p><img loading=\"lazy\" decoding=\"async\" class=\"alignleft wp-image-53\" src=\"http:\/\/solyom.oroszlany.com\/wp-content\/uploads\/2014\/08\/kapitalizmus.png\" alt=\"kapitalizmus\" width=\"160\" height=\"120\" \/>Az emberis\u00e9g szervezett k\u00f6z\u00f6ss\u00e9gei sz\u00e1m\u00e1ra m\u00e1r az \u00f3korban is fontos k\u00e9rd\u00e9s volt, hogy kik azok akik egy\u00e1ltal\u00e1n belesz\u00f3lhatnak a &#8222;vezet\u00e9sbe&#8221;. Tanulm\u00e1nyainkb\u00f3l tudjuk, hogy a g\u00f6r\u00f6g v\u00e1ros\u00e1llamok (poliszok) lak\u00f3i (d\u00e9mosz) fontosnak tartott\u00e1k, ha szem\u00e9lyesen nem is, de k\u00e9pvisel\u0151j\u00fck \u00fatj\u00e1n joguk legyen belesz\u00f3lni a k\u00f6z\u00f6ss\u00e9g \u00e9let\u00e9nek ir\u00e1ny\u00edt\u00e1s\u00e1ba, vagyis az &#8222;uralkod\u00e1sba&#8221;. Innen sz\u00e1rmazik az egyik legvitatottabb politikai szavunk a demokr\u00e1cia.<\/p>\n<p><img loading=\"lazy\" decoding=\"async\" class=\"alignleft wp-image-51\" src=\"http:\/\/solyom.oroszlany.com\/wp-content\/uploads\/2014\/08\/demokr\u00e1cia.png\" alt=\"demokr\u00e1cia\" width=\"160\" height=\"120\" \/>Az elm\u00falt 2600-2700 \u00e9vben sokan \u00e9s sokf\u00e9lek\u00e9ppen \u00e9rtelmezt\u00e9k a demokr\u00e1ci\u00e1t, azaz a n\u00e9puralmat, gondoljunk csak az eur\u00f3pai-, vagy a n\u0151k \u00e1ltal folytatott forradalmakra, az ut\u00f3bbi 30-40-50 \u00e9vben v\u00e9gbement rendszerv\u00e1lt\u00e1sokba. Napjainkra \u00e1ltal\u00e1noss\u00e1 v\u00e1lt szinte az eg\u00e9sz vil\u00e1gon, hogy a nagykor\u00fav\u00e1 v\u00e1l\u00e1ssal egyben jogot nyer\u00fcnk arra is, hogy t\u00e1gabb k\u00f6z\u00f6ss\u00e9g\u00fcnk (haz\u00e1nk, orsz\u00e1gunk, stb.) vonatkoz\u00e1s\u00e1ban gyakoroljuk a v\u00e1laszt\u00e1s jog\u00e1t. A sokf\u00e9le demokr\u00e1cia mindezid\u00e1ig legsz\u00e9lesebb k\u00f6rben alkalmazott form\u00e1ja a k\u00e9pviseleti demokr\u00e1cia. V\u00e1laszt\u00f3jogunk nem csak arra ad lehet\u0151s\u00e9get, hogy megv\u00e1lasszuk k\u00e9pvisel\u0151nket, hanem arra is, ha megfelel\u0151 er\u0151t \u00e9s b\u00f6lcsess\u00e9get \u00e9rezve magunkban k\u00e9pvisel\u0151v\u00e9 v\u00e1ljunk.<\/p>\n<p><img loading=\"lazy\" decoding=\"async\" class=\"alignleft wp-image-50\" src=\"http:\/\/solyom.oroszlany.com\/wp-content\/uploads\/2014\/08\/anarchizmus.png\" alt=\"anarchizmus\" width=\"160\" height=\"120\" \/>Sajnos a demokr\u00e1cia, mint tudjuk nem csak j\u00f3 \u00e9s pozit\u00edv jellemz\u0151kkel b\u00edr! Masaryk mondta egyszer &#8222;A demokr\u00e1ci\u00e1nak megvannak a hib\u00e1i, mert az emberek sem t\u00f6k\u00e9letesek, ez\u00e9rt amilyen a mester, \u00fagy mennek dolog\u2026&#8221;. Megl\u00e1t\u00e1sa szerint \u2013 &#8222;A demokr\u00e1cia egy \u00f6r\u00f6k vita&#8221;. Vagyis minden azon m\u00falik, hogy a d\u00f6nt\u00e9si joggal felruh\u00e1zott &#8222;k\u00e9pvisel\u0151k&#8221; mennyire k\u00e9pesek kult\u00far\u00e1lt m\u00f3don rendezni vit\u00e1ikat egym\u00e1ssal. Ezt er\u0151s\u00edti az Eur\u00f3pa Tan\u00e1cs egyik hat\u00e1rozata is: &#8222;A demokr\u00e1cia nem csup\u00e1n annyit jelent, hogy a t\u00f6bbs\u00e9g n\u00e9zeteinek mindig diadalmaskodnia kell; olyan egyens\u00falyt kell kialak\u00edtani, amely biztos\u00edtja a kisebbs\u00e9ggel szembeni igazs\u00e1gos \u00e9s megfelel\u0151 b\u00e1n\u00e1sm\u00f3dot, \u00e9s megakad\u00e1lyozza a domin\u00e1ns poz\u00edci\u00f3val val\u00f3 vissza\u00e9l\u00e9seket.&#8221;<\/p>\n<p><img loading=\"lazy\" decoding=\"async\" class=\"alignleft wp-image-52\" src=\"http:\/\/solyom.oroszlany.com\/wp-content\/uploads\/2014\/08\/fasizmus.png\" alt=\"fasizmus\" width=\"160\" height=\"120\" \/>Magyarorsz\u00e1g alig t\u00f6bb, mint 20 \u00e9ves demokratikus \u00e9let\u00e9ben ezek a szempontok jellemz\u0151en \u00e9rv\u00e9nyes\u00fcltek. A jelenleg korm\u00e1nyz\u00f3 er\u0151k 2010-ben \u00f3ri\u00e1si lehet\u0151s\u00e9get kaptak. Ugyanis v\u00e1laszt\u00f3ik akarat\u00e1b\u00f3l a v\u00e1laszt\u00e1si t\u00f6rv\u00e9ny szab\u00e1lyai szerint 2\/3-os t\u00f6bbs\u00e9get \u00e9rtek el az Orsz\u00e1ggy\u0171l\u00e9sben. Az akkor m\u00e9g l\u00e9tez\u0151 Alkotm\u00e1ny \u00e9rtelm\u00e9ben egyetlen &#8222;m\u00e1sk\u00e9nt gondolkod\u00f3&#8221; v\u00e9lem\u00e9ny\u00e9t sem kellett figyelembe venni\u00fck, ugyanis minden lehet\u0151s\u00e9g\u00fck megvolt az egyed\u00fcl d\u00f6nt\u00e9sre. Az ilyen hatalom roppant teher egy b\u00f6lcs ember kez\u00e9ben.<\/p>\n<p>Az &#8222;uralmat&#8221; kez\u00fckbe v\u00e9ve azonban nem arra t\u00f6rekedtek, hogy a demokr\u00e1cia kor\u00e1bbi szab\u00e1lyainak probl\u00e9m\u00e1ib\u00f3l ad\u00f3d\u00f3 helyzeteket \u00e9rdemben kezelj\u00e9k, hanem azzal, hogy mik\u00e9nt tudj\u00e1k saj\u00e1t kapzsi \u00e9rdekeiknek megfelel\u0151en megv\u00e1ltoztatni a j\u00e1t\u00e9kszab\u00e1lyokat. A demokr\u00e1ci\u00e1kban megl\u00e9v\u0151 f\u00e9kek \u00e9s ellens\u00falyok rendszer\u00e9nek minden kor\u00e1bbi hasznos elem\u00e9t teljes m\u00e9rt\u00e9kig felsz\u00e1molt\u00e1k. \u00d6nmagukat \u00e9rdemben megv\u00e9deni nem k\u00e9pes k\u00f6z\u00f6ss\u00e9gekkel szemben er\u0151szakosan, minden egyeztet\u00e9st n\u00e9lk\u00fcl\u00f6zve l\u00e9ptek fel, \u00e9s tasz\u00edtott\u00e1k \u0151ket a k\u00e9ts\u00e9gbees\u00e9sbe. Emberek milli\u00f3t\u00f3l vett\u00e9k el az emberi \u00e9lethez val\u00f3 jogukat.<\/p>\n<p>Hasonl\u00f3 folyamatok kezd\u0151dtek meg sz\u0171kebb haz\u00e1mban, Oroszl\u00e1nyon is. A jelenlegi test\u00fclet tagjai sz\u00e1m\u00e1ra nem a demokratikusan, egyeztetett \u00e9s megvitatott m\u00f3don meghozott d\u00f6nt\u00e9sek kialak\u00edt\u00e1sa volt a fontos, hanem a saj\u00e1t lehet\u0151s\u00e9geik minden t\u00e9ren val\u00f3 meger\u0151s\u00edt\u00e9se. \u00d6n\u00f6s \u00e9rdekeik mindannyiunk \u00e9rdekei el\u00e9 helyez\u00e9s\u00e9vel felbor\u00edtott\u00e1k a kor\u00e1bban megl\u00e9v\u0151 konszenzuson alapul\u00f3 m\u0171k\u00f6d\u00e9st. Mint k\u00e9pvisel\u0151-jel\u00f6lt a j\u00f6v\u0151ben azon k\u00edv\u00e1nok f\u00e1radozni, hogy ha m\u00e1shol nem is, de Oroszl\u00e1nyon egy demokratikusan m\u0171k\u00f6d\u0151 k\u00f6z\u00f6ss\u00e9g er\u0151s\u00f6dhessen meg. Hallgattass\u00e9k meg minden f\u00e9l. Mondhassa el mindenki, aki k\u00edv\u00e1nja a probl\u00e9m\u00e1kkal kapcsolatos v\u00e9lem\u00e9ny\u00e9t. A v\u00e1lasztott k\u00e9pvisel\u0151k pedig a v\u00e9lem\u00e9nynyilv\u00e1n\u00edt\u00f3k \u00e1ltal felvetettek alapj\u00e1n hozz\u00e1k meg felel\u0151s d\u00f6nt\u00e9seiket.<\/p>\n<p>Ez\u00e9rt azt k\u00edv\u00e1nom k\u00e9pviselni, hogy k\u00f6z\u00f6sen alak\u00edtsunk ki egy \u00e9lhet\u0151bb Oroszl\u00e1nyt!<\/p>\n<address>A piktogramok csak \u00e9rdekess\u00e9gb\u0151l vannak a sz\u00f6vegben.<br \/>\nNincs kapcsolat a sz\u00f6vegr\u00e9sz \u00e9s a piktogram k\u00f6z\u00f6tt!<\/address>\n","protected":false},"excerpt":{"rendered":"<p>Ami\u00f3ta az emberis\u00e9g szervezett form\u00e1ban \u00e9li \u00e9let\u00e9t mindig fontos k\u00e9rd\u00e9s volt, hogy milyen m\u00f3don lehet egy k\u00f6z\u00f6ss\u00e9g tagjainak v\u00e9lem\u00e9ny\u00e9t figyelembe v\u00e9ve ir\u00e1ny\u00edtani a k\u00f6z\u00f6ss\u00e9g \u00e9let\u00e9t. A k\u00fcl\u00f6nb\u00f6z\u0151 korok mindig &#8222;kital\u00e1lt\u00e1k&#8221;, hogy milyen megold\u00e1sokat &#8222;kell&#8221; alkalmazni a &#8222;t\u00fal\u00e9l\u00e9s&#8221; \u00e9rdek\u00e9ben. A leger\u0151sebb &hellip; <a href=\"https:\/\/solyom.oroszlany.com\/?page_id=26\">Egy kattint\u00e1s ide a folytat\u00e1shoz&#8230;. <span class=\"meta-nav\">&rarr;<\/span><\/a><\/p>\n","protected":false},"author":1,"featured_media":0,"parent":23,"menu_order":90,"comment_status":"closed","ping_status":"closed","template":"","meta":{"footnotes":""},"class_list":["post-26","page","type-page","status-publish","hentry"],"_links":{"self":[{"href":"https:\/\/solyom.oroszlany.com\/index.php?rest_route=\/wp\/v2\/pages\/26","targetHints":{"allow":["GET"]}}],"collection":[{"href":"https:\/\/solyom.oroszlany.com\/index.php?rest_route=\/wp\/v2\/pages"}],"about":[{"href":"https:\/\/solyom.oroszlany.com\/index.php?rest_route=\/wp\/v2\/types\/page"}],"author":[{"embeddable":true,"href":"https:\/\/solyom.oroszlany.com\/index.php?rest_route=\/wp\/v2\/users\/1"}],"replies":[{"embeddable":true,"href":"https:\/\/solyom.oroszlany.com\/index.php?rest_route=%2Fwp%2Fv2%2Fcomments&post=26"}],"version-history":[{"count":0,"href":"https:\/\/solyom.oroszlany.com\/index.php?rest_route=\/wp\/v2\/pages\/26\/revisions"}],"up":[{"embeddable":true,"href":"https:\/\/solyom.oroszlany.com\/index.php?rest_route=\/wp\/v2\/pages\/23"}],"wp:attachment":[{"href":"https:\/\/solyom.oroszlany.com\/index.php?rest_route=%2Fwp%2Fv2%2Fmedia&parent=26"}],"curies":[{"name":"wp","href":"https:\/\/api.w.org\/{rel}","templated":true}]}}