{"id":181,"date":"2014-10-15T21:44:20","date_gmt":"2014-10-15T21:44:20","guid":{"rendered":"http:\/\/solyom.oroszlany.com\/?page_id=181"},"modified":"2021-06-09T12:16:42","modified_gmt":"2021-06-09T12:16:42","slug":"kapcsolat","status":"publish","type":"page","link":"https:\/\/solyom.oroszlany.com\/?page_id=181","title":{"rendered":"Kapcsolat"},"content":{"rendered":"<p>Amennyiben kapcsolatba k\u00edv\u00e1n velem l\u00e9pni, k\u00e9rem haszn\u00e1lja az al\u00e1bbi inform\u00e1ci\u00f3kat. Javaslom, hogy els\u0151sorban az e-mail el\u00e9r\u00e9st v\u00e1lassza. Ezen a m\u00f3don 100%, hogy el\u00e9r, \u00e9s \u00e9rdemben tudunk kommunik\u00e1lni egym\u00e1ssal. A telefonos el\u00e9rhet\u0151s\u00e9get csak s\u00fcrg\u0151s esetekre javaslom haszn\u00e1lni. Ha pedig m\u00e1sk\u00e9nt nem megy, akkor k\u00e9rem \u00edrjon levelet.<\/p>\n<p style=\"margin-bottom:0px;\"><b>El\u00e9rhet\u0151s\u00e9gek<\/b><\/p>\n<div class=\"table-responsive\"><table  style=\" width:600px\"  class=\"easy-table easy-table-cuscosky \" >\n<tbody>\r\n<tr><td  style=\"width:120px;text-align:right\" >E-mail-c\u00edm:<\/td>\n<td  style=\"width:480px;text-align:left\" ><b>solyom@oroszlany.com<\/b><\/td>\n<\/tr>\n\r\n<tr><td  style=\"text-align:right\" >mobil:<\/td>\n<td  style=\"text-align:left\" ><b>+36 (20) 446-1732<\/b><\/td>\n<\/tr>\n\r\n<tr><td  style=\"text-align:right\" >postac\u00edm:<\/td>\n<td  style=\"text-align:left\" ><b>2840 &#8211; Oroszl\u00e1ny &#8211; B\u00e1nki Don\u00e1t utca 14. 3\/1.<\/b><\/td>\n<\/tr>\n\r\n<tr><td  style=\"text-align:right\" >Internet:<\/td>\n<td  style=\"text-align:left\" >http:\/\/solyom.oroszlany.com<\/td>\n<\/tr>\n\r\n<tr><td  style=\"text-align:right\" >Facebook:<\/td>\n<td  style=\"text-align:left\" >https:\/\/www.facebook.com\/falcon2840<\/td>\n<\/tr>\n<\/tbody><\/table><\/div>\n<h1 class=\"entry-title\">Impresszum<\/h1>\n<p style=\"margin-bottom:0px;\"><b>\u00dczemeltet\u0151<\/b><\/p>\n<div class=\"table-responsive\"><table  style=\" width:600px\"  class=\"easy-table easy-table-cuscosky \" >\n<tbody>\r\n<tr><td  style=\"width:120px;text-align:right\" >N\u00e9v:<\/td>\n<td  style=\"width:480px;text-align:left\" >S\u00f3lyom J\u00f6ran<\/td>\n<\/tr>\n\r\n<tr><td  style=\"text-align:right\" >C\u00edm:<\/td>\n<td  style=\"text-align:left\" >2840 &#8211; Oroszl\u00e1ny &#8211; B\u00e1nki Don\u00e1t utca 14. 3\/1.<\/td>\n<\/tr>\n\r\n<tr><td  style=\"text-align:right\" >Telefon:<\/td>\n<td  style=\"text-align:left\" >+36 (20) 446-1732<\/td>\n<\/tr>\n\r\n<tr><td  style=\"text-align:right\" >E-mail-c\u00edm:<\/td>\n<td  style=\"text-align:left\" >solyom@oroszlany.com<\/td>\n<\/tr>\n<\/tbody><\/table><\/div>\n<p style=\"margin-bottom:0px;\"><b>T\u00e1rhely-szolg\u00e1ltat\u00f3<\/b><\/p>\n<div class=\"table-responsive\"><table  style=\" width:600px\"  class=\"easy-table easy-table-cuscosky \" >\n<tbody>\r\n<tr><td  style=\"width:120px;text-align:right\" >N\u00e9v:<\/td>\n<td  style=\"width:480px;text-align:left\" >23VNet Kft.<\/td>\n<\/tr>\n\r\n<tr><td  style=\"text-align:right\" >C\u00edm (levelez\u00e9s):<\/td>\n<td  style=\"text-align:left\" >1132 &#8211; Budapest &#8211; Victor Hugo utca 18-22.<\/td>\n<\/tr>\n\r\n<tr><td  style=\"text-align:right\" >C\u00edm (sz\u00e9khely):<\/td>\n<td  style=\"text-align:left\" > 1094 &#8211; Budapest &#8211; Liliom utca 24-26. II\/5.<\/td>\n<\/tr>\n\r\n<tr><td  style=\"text-align:right\" >Telefon:<\/td>\n<td  style=\"text-align:left\" >+36 (1)450-1222<\/td>\n<\/tr>\n\r\n<tr><td  style=\"text-align:right\" >E-mail-c\u00edm:<\/td>\n<td  style=\"text-align:left\" >info@net23.hu<\/td>\n<\/tr>\n\r\n<tr><td  style=\"text-align:right\" >Ad\u00f3sz\u00e1m:<\/td>\n<td  style=\"text-align:left\" >12188224-2-43<\/td>\n<\/tr>\n<\/tbody><\/table><\/div>\n","protected":false},"excerpt":{"rendered":"<p>Amennyiben kapcsolatba k\u00edv\u00e1n velem l\u00e9pni, k\u00e9rem haszn\u00e1lja az al\u00e1bbi inform\u00e1ci\u00f3kat. Javaslom, hogy els\u0151sorban az e-mail el\u00e9r\u00e9st v\u00e1lassza. Ezen a m\u00f3don 100%, hogy el\u00e9r, \u00e9s \u00e9rdemben tudunk kommunik\u00e1lni egym\u00e1ssal. A telefonos el\u00e9rhet\u0151s\u00e9get csak s\u00fcrg\u0151s esetekre javaslom haszn\u00e1lni. Ha pedig m\u00e1sk\u00e9nt nem &hellip; <a href=\"https:\/\/solyom.oroszlany.com\/?page_id=181\">Egy kattint\u00e1s ide a folytat\u00e1shoz&#8230;. <span class=\"meta-nav\">&rarr;<\/span><\/a><\/p>\n","protected":false},"author":1,"featured_media":0,"parent":0,"menu_order":98,"comment_status":"closed","ping_status":"closed","template":"","meta":{"footnotes":""},"class_list":["post-181","page","type-page","status-publish","hentry"],"_links":{"self":[{"href":"https:\/\/solyom.oroszlany.com\/index.php?rest_route=\/wp\/v2\/pages\/181","targetHints":{"allow":["GET"]}}],"collection":[{"href":"https:\/\/solyom.oroszlany.com\/index.php?rest_route=\/wp\/v2\/pages"}],"about":[{"href":"https:\/\/solyom.oroszlany.com\/index.php?rest_route=\/wp\/v2\/types\/page"}],"author":[{"embeddable":true,"href":"https:\/\/solyom.oroszlany.com\/index.php?rest_route=\/wp\/v2\/users\/1"}],"replies":[{"embeddable":true,"href":"https:\/\/solyom.oroszlany.com\/index.php?rest_route=%2Fwp%2Fv2%2Fcomments&post=181"}],"version-history":[{"count":0,"href":"https:\/\/solyom.oroszlany.com\/index.php?rest_route=\/wp\/v2\/pages\/181\/revisions"}],"wp:attachment":[{"href":"https:\/\/solyom.oroszlany.com\/index.php?rest_route=%2Fwp%2Fv2%2Fmedia&parent=181"}],"curies":[{"name":"wp","href":"https:\/\/api.w.org\/{rel}","templated":true}]}}