{"id":152,"date":"2014-10-15T21:03:38","date_gmt":"2014-10-15T21:03:38","guid":{"rendered":"http:\/\/solyom.oroszlany.com\/?page_id=152"},"modified":"2019-10-14T15:31:39","modified_gmt":"2019-10-14T15:31:39","slug":"valasztasok","status":"publish","type":"page","link":"https:\/\/solyom.oroszlany.com\/?page_id=152","title":{"rendered":"V\u00e1laszt\u00e1si anyagok"},"content":{"rendered":"<p>A megfelel\u0151 k\u00e9pre kattintva el\u00e9rheti az adott \u00e9vi \u00f6nkorm\u00e1nyzati v\u00e1laszt\u00e1sokhoz k\u00e9sz\u00fclt anyagaimat (bejegyz\u00e9sek, k\u00e9pek, vide\u00f3k, &#8230;)<\/p>\n<p><a href=\"\/?page_id=695\"><img loading=\"lazy\" decoding=\"async\" src=\"https:\/\/solyom.oroszlany.com\/wp-content\/uploads\/2019\/10\/2019-icon-300x500.png\" alt=\"V\u00e1laszt\u00e1s-2019\" width=\"150\" height=\"250\" class=\"size-large\" \/><\/a>&nbsp;<a href=\"\/?page_id=680\"><img loading=\"lazy\" decoding=\"async\" src=\"https:\/\/solyom.oroszlany.com\/wp-content\/uploads\/2019\/10\/2014-icon-300x500.png\" alt=\"V\u00e1laszt\u00e1s-2014\" width=\"150\" height=\"250\" class=\"size-large\" \/><\/a><\/p>\n","protected":false},"excerpt":{"rendered":"<p>A megfelel\u0151 k\u00e9pre kattintva el\u00e9rheti az adott \u00e9vi \u00f6nkorm\u00e1nyzati v\u00e1laszt\u00e1sokhoz k\u00e9sz\u00fclt anyagaimat (bejegyz\u00e9sek, k\u00e9pek, vide\u00f3k, &#8230;) &nbsp;<\/p>\n","protected":false},"author":1,"featured_media":0,"parent":0,"menu_order":99,"comment_status":"closed","ping_status":"closed","template":"","meta":{"footnotes":""},"class_list":["post-152","page","type-page","status-publish","hentry"],"_links":{"self":[{"href":"https:\/\/solyom.oroszlany.com\/index.php?rest_route=\/wp\/v2\/pages\/152","targetHints":{"allow":["GET"]}}],"collection":[{"href":"https:\/\/solyom.oroszlany.com\/index.php?rest_route=\/wp\/v2\/pages"}],"about":[{"href":"https:\/\/solyom.oroszlany.com\/index.php?rest_route=\/wp\/v2\/types\/page"}],"author":[{"embeddable":true,"href":"https:\/\/solyom.oroszlany.com\/index.php?rest_route=\/wp\/v2\/users\/1"}],"replies":[{"embeddable":true,"href":"https:\/\/solyom.oroszlany.com\/index.php?rest_route=%2Fwp%2Fv2%2Fcomments&post=152"}],"version-history":[{"count":0,"href":"https:\/\/solyom.oroszlany.com\/index.php?rest_route=\/wp\/v2\/pages\/152\/revisions"}],"wp:attachment":[{"href":"https:\/\/solyom.oroszlany.com\/index.php?rest_route=%2Fwp%2Fv2%2Fmedia&parent=152"}],"curies":[{"name":"wp","href":"https:\/\/api.w.org\/{rel}","templated":true}]}}