{"id":141,"date":"2014-10-09T20:47:57","date_gmt":"2014-10-09T20:47:57","guid":{"rendered":"http:\/\/solyom.oroszlany.com\/?page_id=141"},"modified":"2017-10-17T09:20:45","modified_gmt":"2017-10-17T09:20:45","slug":"gondolatok-onmagamrol","status":"publish","type":"page","link":"https:\/\/solyom.oroszlany.com\/?page_id=141","title":{"rendered":"Gondolatok \u00f6nmagamr\u00f3l"},"content":{"rendered":"<p><img loading=\"lazy\" decoding=\"async\" class=\"alignleft size-full wp-image-146\" src=\"http:\/\/solyom.oroszlany.com\/wp-content\/uploads\/2014\/10\/lanyok.jpg\" alt=\"L\u00e1nyok\" width=\"200\" height=\"120\" \/>Eddigi p\u00e1lyafut\u00e1som sor\u00e1n sose ker\u00fcltem m\u00e9g olyan helyzetbe, amibe 8-10 h\u00f3nappal ezel\u0151tt navig\u00e1ltam \u00f6nmagam. \u00c9letem sor\u00e1n mindig egy sz\u0171k k\u00f6r (tan\u00e1raim, mestereim, vezet\u0151im, koll\u00e9g\u00e1im, ismer\u0151seim, bar\u00e1taim, csal\u00e1dtagjaim) el\u0151tt m\u00e9rettettem meg. \u0150k vizsg\u00e1lt\u00e1k felk\u00e9sz\u00fclts\u00e9gemet, kitart\u00e1somat, elhivatotts\u00e1gomat, embers\u00e9gemet, seg\u00edt\u0151k\u00e9szs\u00e9gemet, tisztess\u00e9gemet. Sz\u0171k k\u00f6rben d\u00f6nt\u00f6ttek el\u0151menetelemr\u0151l. N\u00e9gyszemk\u00f6zti besz\u00e9lget\u00e9sekben k\u00e9rt\u00e9k seg\u00edts\u00e9gemet, vagy b\u00edzt\u00e1k r\u00e1m titkaikat. De ez most valami m\u00e1s. Most egy 20 ezres v\u00e1ros egy nyolcad\u00e1nak, azaz k\u00e9tezer-\u00f6tsz\u00e1z embernek kellene \u00fagy ismernie, hogy \u00e9rdemben d\u00f6nthessenek r\u00f3lam.<\/p>\n<p>A k\u00e9pviselet szerintem fontos dolog. \u00dagy \u00e9rzem, hogy most 50 \u00e9vesen \u00e9rtem meg erre a feladatra. Megvan a felk\u00e9sz\u00fclts\u00e9gem, vannak tapasztalataim, van er\u0151m a feladat elv\u00e9gz\u00e9s\u00e9hez. De ismernek-e annyira az emberek, hogy val\u00f3ban d\u00f6nt\u00e9s legyen amikor t\u00e1mogatnak, vagy elleneznek azon a bizonyos napon? Eddigi \u00e9letem sor\u00e1n m\u00e9g soha nem kellett olyan m\u00e9lyen elgondolkodnom ezen, mint a napokban. Sz\u00e1momra is \u00e9rdekes volt felid\u00e9znem \u00e9letem t\u00f6rt\u00e9n\u00e9seit annak \u00e9rdek\u00e9ben, hogy \u00f6nmagam \u00e9s m\u00e1sok sz\u00e1m\u00e1ra is nyitott k\u00f6nyv lehessek. Mert e-n\u00e9lk\u00fcl szerintem nincs \u00e9rtelme ki\u00e1llni \u00e9s a megm\u00e9rettet\u00e9st v\u00e1llalni.<\/p>\n<p><strong>Akkor l\u00e1ssuk ki is vagyok \u00e9n!?<\/strong><\/p>\n<p>Sz\u00fcleim a viharsarok (B\u00e9k\u00e9s megye) egy nagyk\u00f6zs\u00e9g\u00e9b\u0151l Mez\u0151ber\u00e9nyb\u0151l sz\u00e1rmaznak. Ap\u00e1m (S\u00f3lyom M\u00e1rton) az oroszl\u00e1nyi b\u00e1ny\u00e1kn\u00e1l volt v\u00e1j\u00e1r, majd g\u00e9pkocsivezet\u0151. \u00c9ppen a minap tudtam meg al\u00e1\u00edr\u00e1sgy\u0171jt\u00e9s sor\u00e1n, hogy milyen j\u00f3 szakinak sz\u00e1m\u00edtott az \u00f6regem. Nekem m\u00e1r csak a sof\u0151r \u00e9vei maradtak meg. A milli\u00f3 kilom\u00e9teres balesetmentes kit\u00fcntet\u00e9sek a l\u00e9pcs\u0151h\u00e1zfelj\u00e1r\u00f3 fal\u00e1n. Any\u00e1m irodai alkalmazottk\u00e9nt a b\u00e1nya dolgoz\u00f3inak nyilv\u00e1ntart\u00e1s\u00e1t v\u00e9gezte. T\u0151l\u00fck \u00f6r\u00f6k\u00f6ltem az egyeness\u00e9gemet, a kitart\u00e1somat. Ap\u00e1mt\u00f3l a munkab\u00edr\u00e1st \u00e9s a kitart\u00e1st, any\u00e1mt\u00f3l a szeretetet \u00e9s a rem\u00e9nyt, valamint az \u00f6n\u00e1ll\u00f3s\u00e1g fontoss\u00e1g\u00e1t kaptam aj\u00e1nd\u00e9kba. A gyerekkori nyarakat nagysz\u00fcleimn\u00e9l t\u00f6lt\u00f6ttem szinte minden ny\u00e1ron. Nagyap\u00e1m a szocializmusban is maszek volt, tal\u00e1n t\u0151le ragadt r\u00e1m a v\u00e1llalkoz\u00e1s fontoss\u00e1ga.<\/p>\n<p>Az \u00e1ltal\u00e1nos iskol\u00e1ban a szok\u00e1sos dolgok t\u00f6rt\u00e9ntek velem. Kisdobos, majd \u00fatt\u00f6r\u0151. Az \u0151rs k\u00e9pzett m\u00f3kamestere. A dalok, a zene, a tr\u00e9f\u00e1k, a versenyek mindig fontosak voltak sz\u00e1momra. A k\u00f6z\u00f6ss\u00e9gi feladatok\u00e9rt sohasem t\u00fclekedtem, de valahogy mindig megtal\u00e1ltak. Valahogy a fels\u0151 tagozat hozta, hogy nagyon zavart ha gyeng\u00e9bbeket b\u00e1ntott\u00e1k. Ezt ma sem tudom elviselni. Szinte azonnal s\u00fcndiszn\u00f3 leszek, ha ilyet tapasztalok.<\/p>\n<p>A k\u00f6z\u00e9piskola \u00e9letem egyik legszebb korszaka. Fantasztikus tan\u00e1rok, kit\u0171n\u0151 szakemberek \u00e9s igaz emberek vettek k\u00f6r\u00fcl a tatab\u00e1nyai G\u00e9p\u00e9szeti \u00e9s K\u00f6zleked\u00e9sg\u00e9p\u00e9szeti Szakk\u00f6z\u00e9piskol\u00e1ban. Form\u00e1l\u00f3d\u00f3 egy\u00e9nis\u00e9gem sz\u00e1momra a &#8222;cs\u00f6ves&#8221; \u00e9s &#8222;hippy&#8221; \u00e9let\u00e9rz\u00e9st hozta. Rock, blues, punk \u2013 m\u00e9g ma is d\u00fcb\u00f6r\u00f6gnie, b\u00fagnia kell valaminek a f\u00fclembe, ha t\u00e9nyleg ki akarok kapcsolni. F\u00f6ldes L\u00e1szl\u00f3 (ma is nagy kedvenc), Doors, Led Zeppelin, Deep Purple, Uriah Heep a nagy kedvencek. Ma sem csillapodik ez a szomj\u00fas\u00e1g. N\u00e9pzene, komolyzene, k\u00f6nny\u0171zene szinte mindegy csak autentikus legyen. Szab\u00f3 J\u00e1nos oszt\u00e1lyf\u0151n\u00f6k, matematika \u00e9s fizika tan\u00e1r, akinek sohasem fogom tudni megh\u00e1l\u00e1lni meg\u00e9rt\u00e9s\u00e9t \u00e9s \u00e9letemet meghat\u00e1roz\u00f3 d\u00f6nt\u00e9s\u00e9t. Miatta lettem tan\u00e1r. Kov\u00e1cs B\u00e9la tan\u00e1r \u00far, aki els\u0151 minta volt el\u0151ttem a sz\u00e9les l\u00e1t\u00f3k\u00f6r\u0171 szakemberr\u0151l. Tal\u00e1n t\u0151le vettem \u00e1t a m\u0171szaki tan\u00e1rs\u00e1gom attit\u0171djeit. Szakmais\u00e1g, sokr\u00e9t\u0171s\u00e9g, szigor \u00e9s igazs\u00e1goss\u00e1g.<\/p>\n<p>A f\u0151iskola szerintem minden fiatal sz\u00e1m\u00e1ra fontos tapasztalat kellene, hogy legyen. Nekem ez Budapesten adatott meg. Nem szerettem a v\u00e1rost, a &#8222;pestieket&#8221;, de a szolg\u00e1ltat\u00e1sok ma is hi\u00e1nyoznak. Mozik, sz\u00ednh\u00e1zak, koncertek. Klassz koleszt\u00e1rsak, az \u00e9jszak\u00e1kba ny\u00fal\u00f3 tanul\u00e1sok, rajzok kimer\u00fcl\u00e9sig. Majd a vizsg\u00e1k \u00e9s ZH-k ut\u00e1n a lazul\u00e1s. K\u00e9sz\u00fcl\u0151d\u00e9s a szakestekre, amely a vil\u00e1g legnagyobb k\u00f6z\u00f6ss\u00e9gi bulija, amit az iskol\u00e1kban kital\u00e1ltak. Itt szoktam r\u00e1 a s\u00f6rre. K\u00f6rtv\u00e9lyesi G\u00e9za tan\u00e1r \u00far, aki minden id\u0151k legnagyobb pedag\u00f3gusa a szememben. Igazi j\u00f3 \u00e9rtelembe vett polihisztor. Megjelen\u00e9s, tud\u00e1s, egyszer\u0171s\u00e9g \u00e9s a mesteri m\u00f3don m\u0171velt ir\u00f3nia. Egy igazi gentleman. Itt fert\u0151z\u00f6tt meg a sz\u00e1m\u00edt\u00e1stechnika.<\/p>\n<p>A hadsereg k\u00e9tszer sz\u00f3lt bele az \u00e9letembe. El\u0151sz\u00f6r a f\u0151iskola el\u0151tt egy \u00e9v Cegl\u00e9den \u2013 sz\u00e9p v\u00e1ros volt. Akkor sz\u00fcks\u00e9ges rossznak \u00e9reztem. M\u00e1sodszor a f\u0151iskola ut\u00e1n f\u00e9l \u00e9vre Gy\u0151rben \u2013 klassz volt. Ma (az id\u0151 t\u00e1vol\u00e1b\u00f3l) \u00fagy \u00e9rzem, hogy kell az, hogy egy f\u00e9rfiember, ha m\u00e1s form\u00e1ban nem is, de legal\u00e1bb \u00edgy, katonaviselt legyen. Engedelmess\u00e9g, t\u00fcrelem, elfogad\u00e1s \u00e9s a dafke. Ha azt n\u00e9zem, hogy megtanultam r\u00e1di\u00f3zni, harc\u00e1szati eszk\u00f6z\u00f6kkel b\u00e1nni, hogy itt voltam el\u0151sz\u00f6r vezet\u0151 beoszt\u00e1sban, hogy olyan katonat\u00e1rsakkal voltam egy\u00fctt, akik az orsz\u00e1g minden r\u00e9sz\u00e9b\u0151l j\u00f6ttek, akkor azt mondom, meg\u00e9rte. Lefokoz\u00e1s, laktanyafogs\u00e1g mert j\u00f3 volt a buli \u00e9s voltak akik elf\u00e1radtak, \u00e9s te volt\u00e1l a rangid\u0151s? \u2013 h\u00e1t ez van. Gy\u0151r m\u00e1r eg\u00e9szen m\u00e1sr\u00f3l sz\u00f3lt. Ez m\u00e1r ink\u00e1bb \u00fcd\u00fcl\u00e9s volt, mint kem\u00e9ny pr\u00f3ba.<\/p>\n<p>1987-ben frissdiplom\u00e1s g\u00e9p\u00e9szm\u00e9rn\u00f6k, m\u0171szaki tan\u00e1rk\u00e9nt sz\u00e1m\u00edt\u00f3g\u00e9p-programoz\u00f3 munkak\u00f6rben kezdtem a b\u00e1ny\u00e1n\u00e1l. Klassz csapat \u00e9s egy \u00fajabb nagy ember \u00d3v\u00e1ri L\u00e1szl\u00f3, mentorom \u00e9s mesterem. Neki k\u00f6sz\u00f6nhetem, hogy \u00fagy l\u00e1tom a sz\u00e1m\u00edt\u00e1stechnik\u00e1t \u00e9s az informatik\u00e1t ahogy. Hogy sz\u00e1momra nem szakma, hanem \u00e9letforma. B\u00e1rhol vagyok az tuti, hogy 2 m\u00e9teres k\u00f6rben legal\u00e1bb egy darab sz\u00e1m\u00edt\u00f3g\u00e9p van a k\u00f6rnyezetemben. IBM PC, Arcnet h\u00e1l\u00f3zat, vezet\u0151i inform\u00e1ci\u00f3s rendszer fejleszt\u00e9se. K\u00e9m\u00e9nczi Istv\u00e1n \u00e9s Manner P\u00e1l, akikt\u0151l a rendszerszervez\u00e9s alapjait tanulhattam. \u0150k voltak az els\u0151k, akik a gazdas\u00e1gi szak fel\u00e9 terelgettek. Siker\u00fclt rendesen megfert\u0151z\u0151dn\u00f6m. Tal\u00e1n nekik k\u00f6sz\u00f6nhetem, hogy k\u00f6zgazdas\u00e1gi szakm\u00e9rn\u00f6k diplom\u00e1m is lett. D\u00e9v\u00e9nyi Zsolt, aki szerint egy nyelv nem nyelv. Programozni akkor tudsz, ha megy a g\u00e9pi k\u00f3d, az assembly \u00e9s n\u00e9gy \u00f6t magas szint\u0171 programnyelv. Jelentem megvannak! Ami f\u00e1j, hogy el\u0151bb cs\u00e1b\u00edtottak az er\u0151m\u0171be, mintsem v\u00e1llalkoz\u00e1sba mehettem volna a fi\u00fakkal egy\u00fctt.<\/p>\n<p>A diploma mell\u00e9 j\u00e1rt egy t\u00e1rs is (J\u00e1r\u00f3ka M\u00e1ria). Ma is nyisz\u00e1ljuk egym\u00e1s idegeit. Imm\u00e1r t\u00f6bb mint 25 \u00e9ve. Nagyon tud hi\u00e1nyozni, ha nincs mellettem. Sz\u00fcks\u00e9gem van r\u00e1. Mint minden h\u00e1zass\u00e1gban a mienkben is minden apr\u00f3s\u00e1g k\u00f6r\u00fcl vit\u00e1k kerekednek. De a nagy dolgok sim\u00e1n, vit\u00e1k n\u00e9lk\u00fcl mennek \u00e1t. Most lesz gyerek, itt vesz\u00fcnk lak\u00e1st, ezt a kocsit vessz\u00fck meg. \u00c9let\u00fcnk \u00e9rtelm\u00e9re (Vikt\u00f3ria) csak h\u00e1rom \u00e9vet kellett v\u00e1rni. Akkor m\u00e1r nagyon hi\u00e1nyzott egy gyerek az \u00e9let\u00fcnkb\u0151l. Az\u00f3ta feln\u0151tt, ma 24 \u00e9ves \u00e9s a m\u0171szaki diploma MSc fokozat\u00e1\u00e9rt &#8222;k\u00fczd&#8221; az \u00d3budai Egyetemen. Id\u0151k\u00f6zben egy kedves ismer\u0151s\u00fcnknek (Greguss Andr\u00e1s) k\u00f6sz\u00f6nhet\u0151en a csal\u00e1d tagja lett k\u00e9t lelenc cirmos. Egyik\u00fck (Alice) sajnos tavaly elment. De a f\u0151n\u00f6k, a kand\u00far (Berlioz) m\u00e9g vel\u00fcnk van. Igazi egy\u00e9nis\u00e9g. Egym\u00e1s k\u00f6z\u00f6tt csak gr\u00f3f\u00farnak nevezz\u00fck. Mellette meg lehet tanulni, hogy mi a fontos, \u00e9s hogy ki dirig\u00e1l. Komoly szem\u00e9lyis\u00e9gfejleszt\u0151 egy igazi cirmix. \u0150 pedig profi ebben!<\/p>\n<p>1990-ben ker\u00fcltem az er\u0151m\u0171be, mint fejleszt\u00e9si szakember. A l\u00e9gkondicion\u00e1lt iroda ut\u00e1n a sz\u00e9nporos iroda k\u00f6vetkezett. Anyaggazd\u00e1lkod\u00e1si rendszer bevezet\u00e9se, sz\u00e1m\u00edt\u00f3g\u00e9pes h\u00e1l\u00f3zat \u00e9p\u00edt\u00e9se \u00e9s persze a m\u0171szaki koll\u00e9g\u00e1k. Villamos, g\u00e9p\u00e9sz, vegy\u00e9sz \u00e9s k\u00f6zgazd\u00e1sz. Volt hova feln\u0151ni. Gruber J\u00e1nos \u2013 hol f\u0151n\u00f6k, hol beosztott, de igazi koll\u00e9ga. Miatta mentem az er\u0151m\u0171be. Ma is hi\u00e1nyzik. Cserhalmi L\u00e1szl\u00f3 \u2013 az \u00f6r\u00f6k morgol\u00f3d\u00f3. Neki k\u00f6sz\u00f6nhetem, hogy az ir\u00e1ny\u00edt\u00e1stechnikai szakemberek sz\u00edvesen fogadtak maguk k\u00f6z\u00e9. Az FMBK szellemi atyja, ami lehet\u0151v\u00e9 tette annak a 15-20 fiatal m\u0171szaki szakembernek, hogy \u00e1tl\u00e1ssanak a szit\u00e1n \u00e9s lef\u00fclelj\u00e9k az id\u0151sebb koll\u00e9g\u00e1k &#8222;\u00e1rm\u00e1nykod\u00e1sait&#8221;. 3-4 \u00e9ven kereszt\u00fcl minden h\u00f3nap fizet\u00e9s ut\u00e1ni els\u0151 p\u00e9ntek\u00e9n besz\u00e9lget\u00e9s valamelyik becs\u00fclets\u00fcllyeszt\u0151ben. Nagyon-nagyon hi\u00e1nyoznak azok az arcok \u00e9s gondolatok. Fantasztikus szellemi t\u0151ke volt jelen ezeken a bulikon. Persze a s\u00f6r is fogyott rendesen.<\/p>\n<p>1994-t\u0151l Oroszl\u00e1nyr\u00f3l Tatab\u00e1ny\u00e1ra ker\u00fcltem az Energetikai Kft-be. Els\u0151 n\u0151i f\u0151n\u00f6k\u00f6m. K\u00e9t koll\u00e9g\u00e1val a null\u00e1r\u00f3l \u00e9p\u00edtett\u00fck ki az \u00faj c\u00e9g teljes informatikai rendszer\u00e9t h\u00e1rom h\u00f3nap alatt. Eszk\u00f6z\u00f6k beszerz\u00e9se, h\u00e1l\u00f3zat \u00e9p\u00edt\u00e9se, rendszerek telep\u00edt\u00e9se, h\u00e1l\u00f3zati szolg\u00e1ltat\u00e1sok ki\u00e9p\u00edt\u00e9se, rendszerfel\u00fcgyelet kialak\u00edt\u00e1sa. Strap\u00e1s volt, de csod\u00e1latos szakmai kih\u00edv\u00e1s. Kocs\u00e1n Korn\u00e1lia \u00e9s Friebert R\u00f3bert \u2013 a k\u00e9t gazdas\u00e1gi guru. Mellett\u00fck tanultam meg igaz\u00e1n a rapid probl\u00e9mamegold\u00e1s fogalm\u00e1t. Fantasztikus szakemberek p\u00f6rg\u0151s aggyal \u00e9s hatalmas kreativit\u00e1ssal, iszonyatos munkab\u00edr\u00e1ssal. Sz\u00e1m R\u00f3bert \u2013 a k\u00f6z\u00f6ss\u00e9g igazi kov\u00e1csa, igazgat\u00f3. T\u0151le tanultam meg, hogy milyen egy igazi k\u00f6z\u00f6ss\u00e9gi ember. Neki siker\u00fclt, ami sok mindenkinek nem. Egy ellens\u00e9ges k\u00f6rnyezetben kevesebb mint f\u00e9l \u00e9v alatt k\u00f6z\u00f6ss\u00e9get \u00e9p\u00edtett. K\u00f6z\u00f6ss\u00e9get, amely hat\u00e9konyan teljes\u00edtett, nagy vit\u00e1kban alak\u00edtotta ki d\u00f6nt\u00e9seit \u00e9s \u00f6nfeledten volt k\u00e9pes sz\u00f3rakozni, mik\u00f6zben megismert\u00e9k egym\u00e1s hagyom\u00e1nyait, szok\u00e1sait.<\/p>\n<p>2001-ben Tak\u00e1cs K\u00e1roly miatt t\u00e1vozom az energiaszektorb\u00f3l. Kezd\u0151dik a v\u00e1llalkoz\u00e1s r\u00f6g\u00f6s \u00fatja. De csak egy \u00e9vig. Ekkor k\u00e9rnek fel arra, hogy tan\u00edtsak az E\u00f6tv\u00f6s L\u00f3r\u00e1nd M\u0171szaki K\u00f6z\u00e9piskol\u00e1ban. Kezdetben csak \u00f3raad\u00f3, de 2002\/2003-as tan\u00e9vt\u0151l f\u0151\u00e1ll\u00e1s\u00fa tan\u00e1rk\u00e9nt informatika \u00e9s ehhez kapcsol\u00f3d\u00f3 tant\u00e1rgyak a m\u00e9rn\u00f6kasszisztens szakon. Varga Istv\u00e1n \u2013 az igazi vezet\u0151! Nem f\u0151n\u00f6k! \u2013 VEZET\u0150! Csupa nagy bet\u0171kkel. Cigi-f\u00fcst\u00f6s besz\u00e9lget\u00e9sek a doh\u00e1nyz\u00f3ban (pedig nem is doh\u00e1nyzok). B\u00e1rmit meg\u00e9r, mert \u00e9lvezettel hallgatom a nagyokat. Varga\u2013Barakka\u2013Sz\u00e9kely igazi \u00e9l\u0151 t\u00f6rt\u00e9nelemk\u00f6nyvek. Ma is nagyon hi\u00e1nyolom ezeket az 5-10 perceket, vagy az iskolai rendezv\u00e9nyek ut\u00e1ni nagy mes\u00e9l\u00e9seket.<\/p>\n<p>1994-ban ker\u00fcltem el\u0151sz\u00f6r a politika k\u00f6zel\u00e9be. Fiatal \u00e9rtelmis\u00e9gik\u00e9nt az akkori fiatal v\u00e1rosvezet\u0151kkel voltam bar\u00e1ti viszonyban. Modri\u00e1n Vilmos, Sunyovszki K\u00e1roly gy\u0151zk\u00f6dtek, hogy induljak el a Fidesz t\u00e1mogat\u00e1s\u00e1val. Az a Fidesz valami teljesen m\u00e1s volt. Fiatalok, agilisek, eg\u00e9szs\u00e9ges gondolatok. M\u00e1ra m\u00e1r \u0151k is kikoptak a helyi politik\u00e1b\u00f3l. Egyszer meg kellene k\u00e9rdeznem mi\u00e9rt!<\/p>\n<p>Azt\u00e1n \u00e9vekig semmi. Majd besz\u00e9lget\u00e9s azokkal, akik m\u00e9g hiszik, hogy lehet \u00e9rtelmesen is politiz\u00e1lni. Mindig is zavartak a p\u00e1rtok. Soha nem voltam semmilyen politikai vagy politikainak t\u0171n\u0151 szervezet tagja. 40 \u00e9vesen az embernek azonban m\u00e1r vannak \u00e9rz\u00e9sei, gondolatai, tapasztalatai. J\u00f3k \u00e9s rosszak is. Bizony\u00edthatott, letehetett dolgokat az asztalra, \u00edgy m\u00e1soknak is vannak gondolatai vele kapcsolatosan. Azt\u00e1n komolyabb kapcsolat kialakul\u00e1sa valaki olyasvalakivel, akinek &#8222;l\u00e1tsz\u00f3lagos&#8221; dolgaival sok bajom volt (Sz\u00e9kely Antal). Koll\u00e9ga, \u00edgy sokat besz\u00e9lget\u00fcnk. Tisztul a k\u00e9p. El\u0151ker\u00fclnek gondolatok, sokat vitatkozunk. Nagyon m\u00e1sk\u00e9nt l\u00e1tunk dolgokat, de van \u00e9rtelme a vit\u00e1knak. A sok egy\u00fctt t\u00f6lt\u00f6tt id\u0151 \u00e9s vita eredm\u00e9nyek\u00e9nt j\u00f6n az egy\u00fcttgondolkod\u00e1s. J\u00f6nnek az \u00f6tletek, v\u00e1rj\u00e1k a v\u00e9lem\u00e9nyt. Nem minden megy \u00e1t, de h\u00e1t ez van. K\u00edv\u00fclr\u0151l k\u00f6nny\u0171 &#8222;ugatni&#8221;, \u00e9s nincs is sok felel\u0151ss\u00e9g miatta. J\u00f6n a felismer\u00e9s, hogy ha v\u00e1ltoztatni akarsz, akkor m\u00e9lyebbre kell mer\u00fclni. Nem is kellet sokat gondolkodni mi\u00e9rt \u00e9ppen ennek a csapatnak a meze ker\u00fclt r\u00e1m.<\/p>\n<p>Sok v\u00e1laszt\u00e1s nem volt. A liberalizmus alapgondolata fontos \u00e9s kihagyhatatlan. A szoci\u00e1ldemokr\u00e1cia, a t\u00e1rsadalmi felel\u0151ss\u00e9g szint\u00e9n alap\u00e9rt\u00e9kek. Orsz\u00e1gos szinten vannak probl\u00e9m\u00e1k (de hol nincsenek, \u00e9ppen ezzel voltak probl\u00e9m\u00e1im a p\u00e1rtags\u00e1g miatt), de helyi szinten m\u00e1r j\u00f3l ismert emberek hat\u00e1rozz\u00e1k meg a tartalmat. K\u00e9t polg\u00e1rmester, kreat\u00edv c\u00e9gvezet\u0151, r\u00e9gi motorosok. \u00d6r\u00f6mmel fogadnak, \u00edgy leszek az MSZP tagja. Ett\u0151l kezdve gyorsan mennek a t\u00f6rt\u00e9n\u00e9sek. Bent vagy, hat\u00e9konyabbak az \u00fczenetek. Hallanak a tagok, l\u00e1tj\u00e1k, \u00e9rzik mit akarsz, \u00e9s m\u00e1r vezet\u0151s\u00e9gi tagg\u00e1 is v\u00e1lasztanak. Fontos szempont, hogy akkor l\u00e9ptem be a p\u00e1rtba, amikor lefel\u00e9 kezdett menni a szek\u00e9r. A t\u00e1rsadalmi folyamatok ma olyanok, hogy az\u00f3ta is ez a tendencia. Most ilyen id\u0151k vannak. Most a telhetetlenek, a minden\u00e1ron \u00e9rv\u00e9nyes\u00fclni akar\u00f3k\u00e9 a vil\u00e1g. \u00dajra a talpnyal\u00f3k \u00e9s csinovnyikok orsz\u00e1ga lett\u00fcnk. Volt m\u00e1r ilyen! Nem ez az els\u0151 ciklusa ennek a m\u00f3dinak. De kellenek az \u00e9rtelmesen gondolkod\u00f3k, m\u00e1sok\u00e9rt tenni akarok, akik v\u00e9delmezik a legfontosabbat, a demokratikus jog\u00e1llamot \u00e9s a szabads\u00e1got. Ma ez a feladat!<\/p>\n<p>\u00c9s \u00e9n \u00e9ppen ez\u00e9rt vagyok most itt. Okt\u00f3ber 12-\u00e9n a d\u00f6nt\u00e9s az \u00d6n\u00f6k\u00e9, ha \u00fagy gondolj\u00e1k, k\u00e9rem \u00d6n\u00f6ket, hogy t\u00e1mogassanak szavazatukkal ennek a sz\u00e9p \u00e9s fontos feladatnak a megold\u00e1s\u00e1ban. \u00c9s ne feledj\u00e9k, ha nem \u00d6n\u00f6k d\u00f6ntenek a sorsukr\u00f3l, akkor m\u00e1sok fogj\u00e1k megtenni. Az meg nem biztos, hogy tetszeni fog \u00d6n\u00f6knek!<\/p>\n","protected":false},"excerpt":{"rendered":"<p>Eddigi p\u00e1lyafut\u00e1som sor\u00e1n sose ker\u00fcltem m\u00e9g olyan helyzetbe, amibe 8-10 h\u00f3nappal ezel\u0151tt navig\u00e1ltam \u00f6nmagam. \u00c9letem sor\u00e1n mindig egy sz\u0171k k\u00f6r (tan\u00e1raim, mestereim, vezet\u0151im, koll\u00e9g\u00e1im, ismer\u0151seim, bar\u00e1taim, csal\u00e1dtagjaim) el\u0151tt m\u00e9rettettem meg. \u0150k vizsg\u00e1lt\u00e1k felk\u00e9sz\u00fclts\u00e9gemet, kitart\u00e1somat, elhivatotts\u00e1gomat, embers\u00e9gemet, seg\u00edt\u0151k\u00e9szs\u00e9gemet, tisztess\u00e9gemet. Sz\u0171k k\u00f6rben &hellip; <a href=\"https:\/\/solyom.oroszlany.com\/?page_id=141\">Egy kattint\u00e1s ide a folytat\u00e1shoz&#8230;. <span class=\"meta-nav\">&rarr;<\/span><\/a><\/p>\n","protected":false},"author":1,"featured_media":0,"parent":23,"menu_order":91,"comment_status":"closed","ping_status":"closed","template":"","meta":{"footnotes":""},"class_list":["post-141","page","type-page","status-publish","hentry"],"_links":{"self":[{"href":"https:\/\/solyom.oroszlany.com\/index.php?rest_route=\/wp\/v2\/pages\/141","targetHints":{"allow":["GET"]}}],"collection":[{"href":"https:\/\/solyom.oroszlany.com\/index.php?rest_route=\/wp\/v2\/pages"}],"about":[{"href":"https:\/\/solyom.oroszlany.com\/index.php?rest_route=\/wp\/v2\/types\/page"}],"author":[{"embeddable":true,"href":"https:\/\/solyom.oroszlany.com\/index.php?rest_route=\/wp\/v2\/users\/1"}],"replies":[{"embeddable":true,"href":"https:\/\/solyom.oroszlany.com\/index.php?rest_route=%2Fwp%2Fv2%2Fcomments&post=141"}],"version-history":[{"count":0,"href":"https:\/\/solyom.oroszlany.com\/index.php?rest_route=\/wp\/v2\/pages\/141\/revisions"}],"up":[{"embeddable":true,"href":"https:\/\/solyom.oroszlany.com\/index.php?rest_route=\/wp\/v2\/pages\/23"}],"wp:attachment":[{"href":"https:\/\/solyom.oroszlany.com\/index.php?rest_route=%2Fwp%2Fv2%2Fmedia&parent=141"}],"curies":[{"name":"wp","href":"https:\/\/api.w.org\/{rel}","templated":true}]}}