{"id":128,"date":"2014-10-09T19:11:54","date_gmt":"2014-10-09T19:11:54","guid":{"rendered":"http:\/\/solyom.oroszlany.com\/?page_id=128"},"modified":"2014-10-09T21:19:06","modified_gmt":"2014-10-09T21:19:06","slug":"gondolatok-az-idosekrol","status":"publish","type":"page","link":"https:\/\/solyom.oroszlany.com\/?page_id=128","title":{"rendered":"Gondolatok az id\u0151sekr\u0151l"},"content":{"rendered":"<p><img loading=\"lazy\" decoding=\"async\" class=\"alignleft size-full wp-image-131\" src=\"http:\/\/solyom.oroszlany.com\/wp-content\/uploads\/2014\/10\/idosek.jpg\" alt=\"Id\u0151s emberek\" width=\"200\" height=\"120\" \/>V\u00e1rosunk \u00e9ppen most \u00fcnnepli 60. sz\u00fclet\u00e9snapj\u00e1t. Azonban a &#8222;nagyv\u00e1rosokhoz&#8221; k\u00e9pest m\u00e9g szinte csak tin\u00e9dzser. Ellenben akiknek a v\u00e1rosunkat k\u00f6sz\u00f6nhetj\u00fck, akik 20 \u00e9vesen vagy fiatalabban j\u00f6ttek ide tanulni \u00e9s dolgozni, m\u00e1r b\u0151ven benne vannak a korban. \u0150k ma legal\u00e1bb 80 \u00e9vesek, ha k\u00f6zt\u00fcnk vannak m\u00e9g egy\u00e1ltal\u00e1n. V\u00e1rosunk lak\u00f3inak \u00e1tlag \u00e9letkora, mint ahogy orsz\u00e1gunk lak\u00f3inak \u00e1tlagos \u00e9letkora is, egyre jobban n\u0151. Ez azt jelenti, hogy a v\u00e1ros lakoss\u00e1g\u00e1nak egyre nagyobb r\u00e9sze jelenleg is id\u0151s ember, \u00e9s ar\u00e1nyuk az id\u0151 m\u00fal\u00e1s\u00e1val egyre csak n\u00f6vekszik. Ha azt is figyelembe vessz\u00fck, hogy egyre kevesebb gyermek sz\u00fcletik, illetve hogy a 18-24 \u00e9ves koroszt\u00e1ly nem helyben k\u00e9pzeli el \u00e9let\u00e9t, akkor meg\u00e1llap\u00edthatjuk, hogy komoly feladatok el\u00e9 n\u00e9z ezen a ter\u00fclet a j\u00f6v\u0151ben az, aki a v\u00e1ros vezet\u00e9s\u00e9re k\u00e9sz\u00fcl.<\/p>\n<p>Ha csak szoci\u00e1lis, eg\u00e9szs\u00e9g\u00fcgyi vagy gazdas\u00e1gi probl\u00e9mak\u00e9nt vizsg\u00e1ljuk a k\u00e9rd\u00e9st, akkor nagy hib\u00e1t k\u00f6vet\u00fcnk el. Ugyanis az emberek id\u0151s korukra elvesztik kor\u00e1bbi \u00e9let\u00fck kapcsolatainak jelent\u0151s r\u00e9sz\u00e9t. A kor\u00e1bban akt\u00edv \u00e9letet \u00e9l\u0151k k\u00f6z\u00fcl sokan bez\u00e1rk\u00f3znak \u00e9s elvesztik \u00e9rdekl\u0151d\u00e9s\u00fcket a k\u00f6rnyezet\u00fck ir\u00e1nt. Ezt a folyamatot er\u0151s\u00edtik az id\u0151s korban elszenvedett konfliktusok, valamint a kor\u00e1bban biztons\u00e1got ny\u00fajt\u00f3 t\u00e1rs elveszt\u00e9se is. Mint minden ember az id\u0151sek is \u00f6n\u00e9rzetes l\u00e9nyek, \u00edgy sokan kellemetlen \u00e9rz\u00e9sk\u00e9nt \u00e9lik meg, hogy seg\u00edts\u00e9get k\u00e9rjenek m\u00e1sokt\u00f3l. Ez f\u0151leg idegen emberek megjelen\u00e9se eset\u00e9n okozhat komoly probl\u00e9m\u00e1kat.<\/p>\n<p>Az id\u0151s, egyed\u00fcl \u00e9l\u0151, z\u00e1rk\u00f3zott emberek sz\u00e1m\u00e1ra a kiszolg\u00e1ltatotts\u00e1g is komoly probl\u00e9ma. A m\u00e9dia szinte minden h\u00e9ten besz\u00e1mol egy-egy id\u0151sek s\u00e9relm\u00e9re elk\u00f6vetett csal\u00e1sr\u00f3l, esetleg b\u0171ncselekm\u00e9nyr\u0151l. Nem csoda, ha az id\u0151s emberek egyre jobban z\u00e1rk\u00f3zott\u00e1 v\u00e1lnak. Az \u00e1llam (\u00edgy az \u00f6nkorm\u00e1nyzat is) k\u00fcl\u00f6nf\u00e9le hat\u00f3s\u00e1gok, szervezetek m\u0171k\u00f6dtet\u00e9s\u00e9vel pr\u00f3b\u00e1lja kezelni az id\u0151s emberek probl\u00e9m\u00e1it. Vannak olyan civil kezdem\u00e9nyez\u00e9sek is, amelyek ezen a ter\u00fcleten fejtik ki \u00e1ld\u00e1sos tev\u00e9kenys\u00e9g\u00fcket. Azonban, ha jobban megvizsg\u00e1ljuk, akkor kider\u00fcl, hogy csak azok sz\u00e1m\u00e1ra hozz\u00e1f\u00e9rhet\u0151ek ezek a szolg\u00e1ltat\u00e1sok, akik valami miatt ell\u00e1t\u00e1sra szorulnak. Az ut\u00f3bbi \u00e9vek k\u00f6zpontos\u00edt\u00e1st er\u0151ltet\u0151 politik\u00e1ja sem kecsegtet azzal, hogy a j\u00f6v\u0151ben jobban menjenek dolgaink ezen a ter\u00fcleten. Tal\u00e1n \u00e9ppen ez\u00e9rt, sok esetben az ebbe a k\u00f6rbe tartoz\u00f3, egyed\u00fcl \u00e9l\u0151 id\u0151s emberek m\u00e9gsem ker\u00fclnek a figyelem k\u00f6z\u00e9ppontj\u00e1ba, mert a &#8222;h\u00e1l\u00f3&#8221;, amelynek feladata lenne a folyamatos felm\u00e9r\u00e9s, csak bizonyos &#8222;param\u00e9terek&#8221; megl\u00e9te eset\u00e9n kapcsol tev\u00e9keny fokozatba.<\/p>\n<p><strong>Gondolataim a t\u00e9m\u00e1val kapcsolatosan<\/strong><\/p>\n<p>Meggy\u0151z\u0151d\u00e9sem, hogy v\u00e1rosunk lak\u00f3i, tartoznak annyival az oroszl\u00e1nyi id\u0151s embereknek, hogy seg\u00edtenek az id\u0151s korukat kellemesebb\u00e9, \u00e9lhet\u0151bb\u00e9 tenni. Hogy biztos\u00edtj\u00e1k sz\u00e1mukra a kultur\u00e1lt, esem\u00e9nyeket, bar\u00e1tokat \u00e9s \u00e9lm\u00e9nyeket hoz\u00f3 \u00f6regkor megtapasztal\u00e1s\u00e1t. Mik\u00e9nt lehetne ezt biztos\u00edtani az Oroszl\u00e1nyon \u00e9l\u0151 id\u0151s emberek sz\u00e1m\u00e1ra?<\/p>\n<p>Egyik megold\u00e1s \u2013amelyben a dominanci\u00e1t a t\u00f6rv\u00e9ny erej\u00e9n\u00e9l fogva az \u00e1llam k\u00e9pviseli\u2013 a bentlak\u00e1sos id\u0151s-otthonok m\u0171k\u00f6dtet\u00e9se. Mivel ez \u00e1llami feladat lett, az \u00f6nkorm\u00e1nyzat nem sokat tud m\u00e1r tenni ezen a ter\u00fcleten. Az \u00e1llam egyeduralma miatt pedig nem sok j\u00f3t j\u00f3solok hossz\u00fat\u00e1von ezen a ter\u00fcleten.<\/p>\n<p>Marad a nappali &#8222;ell\u00e1t\u00e1s&#8221;. \u00dagy gondolom, hogy Oroszl\u00e1nynak komoly fejl\u0151d\u00e9si lehet\u0151s\u00e9gei vannak ezen a ter\u00fcleten. Vannak a v\u00e1rosban olyan kisebb, nagyobb csoportok, amelyekben id\u0151s emberek j\u00f6nnek \u00f6ssze id\u0151r\u0151l-id\u0151re. Ezek meger\u0151s\u00edt\u00e9s\u00e9vel \u00e9s &#8222;szapor\u00edt\u00e1s\u00e1val&#8221; kellene biztos\u00edtani azt, hogy egyre sz\u00e9lesebb k\u00f6rre lehessen kiterjeszteni kedvez\u0151 hat\u00e1sukat.<\/p>\n<p>Megfelel\u0151en k\u00e9pzett szakembereket kell bevonni a folyamat &#8222;profi&#8221; m\u00f3don val\u00f3 m\u0171k\u00f6dtet\u00e9s\u00e9be. A szoci\u00e1lis szolg\u00e1lat sok id\u0151s emberhez el\u00e9r, de sajnos nagyon sok id\u0151s ember ki is marad a fentebb eml\u00edtettek miatt. Az \u00e1ltaluk &#8222;kezelt&#8221; id\u0151s emberek ugyanis jellemz\u0151en ell\u00e1tottak. A szolg\u00e1lat gondoz\u00e1st biztos\u00edt sz\u00e1mukra. \u00c9n viszont ha tetszik, ha nem sz\u00f3rakoztat\u00e1sr\u00f3l, menedzsel\u00e9sr\u0151l besz\u00e9lek. Olyan szolg\u00e1ltat\u00e1sok m\u0171k\u00f6dtet\u00e9s\u00e9r\u0151l, amely id\u0151sek sz\u00e1m\u00e1ra biztos\u00edtja az akt\u00edvabb \u00e9let lehet\u0151s\u00e9g\u00e9t, a k\u00f6z\u00f6ss\u00e9g v\u00e9rkering\u00e9s\u00e9be val\u00f3 bel\u00e9p\u00e9s lehet\u0151s\u00e9g\u00e9t biztos\u00edtva az id\u0151s emberek sz\u00e1m\u00e1ra.<\/p>\n<p><strong>T\u00e1rgyi felt\u00e9telek<\/strong> \u2013 Az \u00f6nkorm\u00e1nyzat feladata kell, hogy legyen olyan helyis\u00e9gek biztos\u00edt\u00e1sa az id\u0151s emberek k\u00f6z\u00f6ss\u00e9geinek, ahol hetente egy-k\u00e9t alkalommal legal\u00e1bb 3-4 \u00f3ra id\u0151tartamra \u00f6sszej\u00f6hetnek. Ezekben a helyis\u00e9gekben olyan infrastrukt\u00fara kialak\u00edt\u00e1s\u00e1t tartom sz\u00fcks\u00e9gesnek, amely az ott tart\u00f3zkod\u00e1shoz \u00e9s a szabadid\u0151 elt\u00f6lt\u00e9s\u00e9hez felt\u00e9tlen sz\u00fcks\u00e9ges: \u2013 mikro-s\u00fct\u0151, 2 helyes meleg\u00edt\u0151hely, 6-8 szem\u00e9ly sz\u00e1m\u00e1ra \u00e9tk\u00e9szlet, j\u00e1t\u00e9kok, telev\u00edzi\u00f3, minim\u00e1lis b\u00fatorzat (asztalok, sz\u00e9kek, legal\u00e1bb egy fekv\u0151hely), stb. A tov\u00e1bbi egy\u00e9ni ig\u00e9nyeket a &#8222;klubhelyis\u00e9g&#8221; haszn\u00e1l\u00f3i m\u00e1r rendezhetn\u00e9k saj\u00e1t maguk sz\u00e1m\u00e1ra. A helyi \u00e9s t\u00e1volabbi rendezv\u00e9nyekre val\u00f3 eljut\u00e1s \u00e9rdek\u00e9ben (nem kifejezetten az id\u0151s emberek kiz\u00e1r\u00f3lagos haszn\u00e1lat\u00e1ra) sz\u00fcks\u00e9gesnek tartom egy 20-30 f\u0151s v\u00e1rosi tulajdonban l\u00e9v\u0151 busz beszerz\u00e9s\u00e9t \u00e9s \u00fczemeltet\u00e9s\u00e9t.<\/p>\n<p><strong>Szem\u00e9lyi felt\u00e9telek<\/strong> \u2013 A k\u00f6z\u00f6ss\u00e9gek \u00f6sszefog\u00e1s\u00e1ra, programok szervez\u00e9s\u00e9re megfelel\u0151 szakembert kellene biztos\u00edtania az \u00f6nkorm\u00e1nyzatnak. \u00d6nk\u00e9ntesekb\u0151l kellene olyan szervezetet kialak\u00edtani, akik anim\u00e1tork\u00e9nt k\u00f6zrem\u0171k\u00f6dhetnek ezen a ter\u00fcleten. Erre a feladatra ide\u00e1lis er\u0151forr\u00e1st biztos\u00edthatn\u00e1nak az \u00e9retts\u00e9giz\u0151 di\u00e1kok. (Sz\u00e1mukra t\u00f6rv\u00e9ny \u00edrja el\u0151 a k\u00f6zmunka k\u00f6telez\u0151 teljes\u00edt\u00e9s\u00e9t!) A m\u00e1r megl\u00e9v\u0151 civilszervezetek is megkereshet\u0151ek lenn\u00e9nek, annak \u00e9rdek\u00e9ben, hogy az egy\u00fcttm\u0171k\u00f6d\u00e9s keretei mik\u00e9nt fejleszthet\u0151ek.<\/p>\n<p><strong>P\u00e9nz\u00fcgyi felt\u00e9telek<\/strong> \u2013 A helyis\u00e9g d\u00edjmentes haszn\u00e1lat\u00e1nak lehet\u0151s\u00e9ge megl\u00e1t\u00e1som szerint alapvet\u0151 fontoss\u00e1g\u00fa. Szint\u00e9n fontos k\u00e9rd\u00e9s, hogy a rezsik\u00f6lts\u00e9g rendez\u00e9se is az \u00f6nkorm\u00e1nyzat feladata lenne. Az id\u0151s emberek egyes programjaihoz a v\u00e1ros az utaz\u00e1si k\u00f6lts\u00e9gek (v\u00e1rosi busz) megt\u00e9r\u00edt\u00e9s\u00e9t is biztos\u00edthatn\u00e1. A civil- \u00e9s sportszervezetekhez hasonl\u00f3an az id\u0151s emberek k\u00f6z\u00f6ss\u00e9geinek is biztos\u00edtani kellene valamilyen t\u00e1mogat\u00e1si rendszert, amely seg\u00edthet szeg\u00e9nyes forr\u00e1saik kieg\u00e9sz\u00edt\u00e9s\u00e9ben annak \u00e9rdek\u00e9ben, hogy sz\u00ednvonalasabb programokat tudjanak szervezni \u00f6nmaguk sz\u00e1m\u00e1ra.<\/p>\n<p><strong>Foglalkoz\u00e1si lehet\u0151s\u00e9gek<\/strong> \u2013 Kultur\u00e1lis esem\u00e9nyeket (sz\u00ednh\u00e1z, koncert, el\u0151ad\u00e1sok), hit\u00e9leti esem\u00e9nyeket, kir\u00e1ndul\u00e1sokat, szervezett k\u00f6z\u00f6ss\u00e9gi esem\u00e9nyeket (anim\u00e1torokkal) kellene biztos\u00edtani sz\u00e1mukra.. Amennyiben 4-5 k\u00f6z\u00f6ss\u00e9g m\u00e1r m\u0171k\u00f6dik, akkor a k\u00f6z\u00f6ss\u00e9gek k\u00f6z\u00f6tti egy\u00fcttm\u0171k\u00f6d\u00e9s \u00e9s esem\u00e9nyek szervez\u00e9se is biztos\u00edthat\u00f3 lenne. Oktat\u00f3 \u00e9s t\u00e1j\u00e9koztat\u00f3 foglalkoz\u00e1sok (bef\u0171z\u00e9sek kock\u00e1zat\u00e1nak cs\u00f6kkent\u00e9se, eszk\u00f6z\u00f6k haszn\u00e1lata, stb.) biztos\u00edt\u00e1sa alapvet\u0151 fontoss\u00e1g\u00fa lenne a fentebb le\u00edrt k\u00e1ros folyamatok cs\u00f6kkent\u00e9se \u00e9rdek\u00e9ben.<\/p>\n<p><strong>Egy\u00e9b feladatok<\/strong> \u2013 Rendszert kellene kidolgozni \u00e9s m\u0171k\u00f6dtetni annak \u00e9rdek\u00e9ben, hogy a v\u00e1ros minden id\u0151s embere (legf\u0151bbk\u00e9ppen az egyed\u00fcl \u00e9l\u0151k) el\u00e9rhet\u0151 legyen. Biztos\u00edtani kellene egy folyamatos t\u00e1j\u00e9koztat\u00f3-rendszer m\u0171k\u00f6dtet\u00e9s\u00e9t (p\u00e9ld\u00e1ul a v\u00e1rosi telev\u00edzi\u00f3 ilyen tartalm\u00fa m\u0171sorainak kialak\u00edt\u00e1s\u00e1val, a helyi \u00fajs\u00e1g tematikus \u00e1talak\u00edt\u00e1s\u00e1val, stb.) A szem\u00e9lyek felm\u00e9r\u00e9s\u00e9n \u00e9s el\u00e9rhet\u0151s\u00e9g\u00e9nek biztos\u00edt\u00e1s\u00e1n t\u00fal a t\u00e9nyleges ig\u00e9nyek felm\u00e9r\u00e9st is biztos\u00edtani kellene egy megfelel\u0151 monitoring rendszer m\u0171k\u00f6dtet\u00e9s\u00e9vel, amely a szolg\u00e1ltat\u00e1s folyamatos fejleszt\u00e9s\u00e9t is biztos\u00edtani tudn\u00e1.<\/p>\n","protected":false},"excerpt":{"rendered":"<p>V\u00e1rosunk \u00e9ppen most \u00fcnnepli 60. sz\u00fclet\u00e9snapj\u00e1t. Azonban a &#8222;nagyv\u00e1rosokhoz&#8221; k\u00e9pest m\u00e9g szinte csak tin\u00e9dzser. Ellenben akiknek a v\u00e1rosunkat k\u00f6sz\u00f6nhetj\u00fck, akik 20 \u00e9vesen vagy fiatalabban j\u00f6ttek ide tanulni \u00e9s dolgozni, m\u00e1r b\u0151ven benne vannak a korban. \u0150k ma legal\u00e1bb 80 \u00e9vesek, &hellip; <a href=\"https:\/\/solyom.oroszlany.com\/?page_id=128\">Egy kattint\u00e1s ide a folytat\u00e1shoz&#8230;. <span class=\"meta-nav\">&rarr;<\/span><\/a><\/p>\n","protected":false},"author":1,"featured_media":0,"parent":23,"menu_order":21,"comment_status":"closed","ping_status":"closed","template":"","meta":{"footnotes":""},"class_list":["post-128","page","type-page","status-publish","hentry"],"_links":{"self":[{"href":"https:\/\/solyom.oroszlany.com\/index.php?rest_route=\/wp\/v2\/pages\/128","targetHints":{"allow":["GET"]}}],"collection":[{"href":"https:\/\/solyom.oroszlany.com\/index.php?rest_route=\/wp\/v2\/pages"}],"about":[{"href":"https:\/\/solyom.oroszlany.com\/index.php?rest_route=\/wp\/v2\/types\/page"}],"author":[{"embeddable":true,"href":"https:\/\/solyom.oroszlany.com\/index.php?rest_route=\/wp\/v2\/users\/1"}],"replies":[{"embeddable":true,"href":"https:\/\/solyom.oroszlany.com\/index.php?rest_route=%2Fwp%2Fv2%2Fcomments&post=128"}],"version-history":[{"count":0,"href":"https:\/\/solyom.oroszlany.com\/index.php?rest_route=\/wp\/v2\/pages\/128\/revisions"}],"up":[{"embeddable":true,"href":"https:\/\/solyom.oroszlany.com\/index.php?rest_route=\/wp\/v2\/pages\/23"}],"wp:attachment":[{"href":"https:\/\/solyom.oroszlany.com\/index.php?rest_route=%2Fwp%2Fv2%2Fmedia&parent=128"}],"curies":[{"name":"wp","href":"https:\/\/api.w.org\/{rel}","templated":true}]}}