{"id":106,"date":"2014-10-01T08:46:43","date_gmt":"2014-10-01T08:46:43","guid":{"rendered":"http:\/\/solyom.oroszlany.com\/?page_id=106"},"modified":"2014-10-09T19:31:00","modified_gmt":"2014-10-09T19:31:00","slug":"gondolatok-a-penzugyekrol","status":"publish","type":"page","link":"https:\/\/solyom.oroszlany.com\/?page_id=106","title":{"rendered":"Gondolatok a p\u00e9nz\u00fcgyekr\u0151l"},"content":{"rendered":"<p><img loading=\"lazy\" decoding=\"async\" class=\"alignleft size-full wp-image-133\" src=\"http:\/\/solyom.oroszlany.com\/wp-content\/uploads\/2014\/10\/penzugyek.jpg\" alt=\"P\u00e9nz\u00fcgyek\" width=\"200\" height=\"120\" \/>Az elm\u00falt n\u00e9gy \u00e9vben \u2013a t\u00f6rv\u00e9nyi v\u00e1ltoz\u00e1sok miatt\u2013 jelent\u0151sen megv\u00e1ltozott az \u00f6nkorm\u00e1nyzatok mozg\u00e1stere. \u00d6nkorm\u00e1nyzatunk vagyon\u00e1nak jelent\u0151s r\u00e9sze elt\u0171nt az \u00fajra\u00e1llamos\u00edt\u00e1s miatt (szennyv\u00edztelep, szakorvosi rendel\u0151int\u00e9zet, stb.). Hasonl\u00f3an \u00f3ri\u00e1si v\u00e1ltoz\u00e1sok t\u00f6rt\u00e9ntek az \u00f6nkorm\u00e1nyzati feladatell\u00e1t\u00e1sban is, amelynek eredm\u00e9nyek\u00e9nt a gazd\u00e1lkod\u00e1s \u00e1llami forr\u00e1sai nagym\u00e9rt\u00e9kben cs\u00f6kkentek (k\u00f6zoktat\u00e1s, eg\u00e9szs\u00e9g\u00fcgy. stb.). Ugyanakkor Oroszl\u00e1ny v\u00e1ros kor\u00e1bbi fejleszt\u00e9seinek eredm\u00e9nyek\u00e9nt jelent\u0151sen n\u0151ttek az ipari parkb\u00f3l sz\u00e1rmaz\u00f3 ad\u00f3bev\u00e9telek, amelyek hasznosul\u00e1sa nem igaz\u00e1n \u00e9rz\u0151d\u00f6tt az elm\u00falt n\u00e9gy \u00e9vben.<\/p>\n<p><strong>Gondolataim a t\u00e9m\u00e1val kapcsolatosan<\/strong><\/p>\n<p>A 2002-2006 \u00e9s a 2006-2010 id\u0151szakokhoz hasonl\u00f3an vissza kell \u00e1ll\u00edtani Oroszl\u00e1nyt egy dinamikusan fejl\u0151d\u0151, gazdagod\u00f3 p\u00e1ly\u00e1ra. A kor\u00e1bbi (ipari park) fejleszt\u00e9sek eredm\u00e9nyesek voltak (200%-kal n\u0151t a v\u00e1ros saj\u00e1t bev\u00e9tele), \u00edgy ennek a nagyszer\u0171 feladatnak minden alapja biztos\u00edtott. Azonban annak \u00e9rdek\u00e9ben, hogy a v\u00e1ros jelenlegi p\u00e9nz\u00fcgyi helyzete tiszt\u00e1n \u00e9s vil\u00e1gosan l\u00e1that\u00f3 legyen mindenki sz\u00e1m\u00e1ra, sz\u00fcks\u00e9g van egy helyzetfelt\u00e1r\u00e1s elv\u00e9gz\u00e9s\u00e9re. Ennek keret\u00e9ben meg kell vizsg\u00e1lni, hogy a v\u00e1rosunk \u00e9lt-e minden olyan lehet\u0151s\u00e9ggel, amely vagyon\u00e1t hat\u00e9konyan megtartotta, vagy gyarap\u00edtotta volna? Tov\u00e1bb\u00e1 azt is meg kell vizsg\u00e1lni, hogy minden kiad\u00e1s hat\u00e9kony \u00e9s hossz\u00fa-, vagy r\u00f6vidt\u00e1von eredm\u00e9nyeket hoz\u00f3 volt-e?<\/p>\n<p>A j\u00f6v\u0151ben minden fejleszt\u00e9s \u00e9s beruh\u00e1z\u00e1s alapvet\u0151 c\u00e9lja kell, hogy legyen a r\u00f6vid, vagy hossz\u00fa t\u00e1v\u00fa megt\u00e9r\u00fcl\u00e9s. Az olyan j\u00f3l\u00e9ti beruh\u00e1z\u00e1sok sor\u00e1n, amelyn\u00e9l megt\u00e9r\u00fcl\u00e9sr\u0151l nem lehet besz\u00e9lni, ott a t\u00e1rsadalmi elfogadotts\u00e1g kell legyen a f\u0151 c\u00e9l. A fejleszt\u00e9sek sor\u00e1n, amennyiben ez biztos\u00edthat\u00f3, helyi v\u00e1llalkoz\u00e1sokat kell bevonni, illetve k\u00fcls\u0151 f\u0151kivitelez\u0151k eset\u00e9n biztos\u00edtani kell a helyi aktivit\u00e1s m\u00e9rt\u00e9k\u00e9nek n\u00f6vel\u00e9s\u00e9t. Vagyis azokat a p\u00e1ly\u00e1z\u00f3kat kell el\u0151nyben r\u00e9szes\u00edteni, akik helyi v\u00e1llalkoz\u00e1sokat vonnak be a kivitelez\u00e9s min\u00e9l nagyobb r\u00e9sz\u00e9be!<\/p>\n","protected":false},"excerpt":{"rendered":"<p>Az elm\u00falt n\u00e9gy \u00e9vben \u2013a t\u00f6rv\u00e9nyi v\u00e1ltoz\u00e1sok miatt\u2013 jelent\u0151sen megv\u00e1ltozott az \u00f6nkorm\u00e1nyzatok mozg\u00e1stere. \u00d6nkorm\u00e1nyzatunk vagyon\u00e1nak jelent\u0151s r\u00e9sze elt\u0171nt az \u00fajra\u00e1llamos\u00edt\u00e1s miatt (szennyv\u00edztelep, szakorvosi rendel\u0151int\u00e9zet, stb.). Hasonl\u00f3an \u00f3ri\u00e1si v\u00e1ltoz\u00e1sok t\u00f6rt\u00e9ntek az \u00f6nkorm\u00e1nyzati feladatell\u00e1t\u00e1sban is, amelynek eredm\u00e9nyek\u00e9nt a gazd\u00e1lkod\u00e1s \u00e1llami forr\u00e1sai nagym\u00e9rt\u00e9kben &hellip; <a href=\"https:\/\/solyom.oroszlany.com\/?page_id=106\">Egy kattint\u00e1s ide a folytat\u00e1shoz&#8230;. <span class=\"meta-nav\">&rarr;<\/span><\/a><\/p>\n","protected":false},"author":1,"featured_media":0,"parent":23,"menu_order":11,"comment_status":"closed","ping_status":"closed","template":"","meta":{"footnotes":""},"class_list":["post-106","page","type-page","status-publish","hentry"],"_links":{"self":[{"href":"https:\/\/solyom.oroszlany.com\/index.php?rest_route=\/wp\/v2\/pages\/106","targetHints":{"allow":["GET"]}}],"collection":[{"href":"https:\/\/solyom.oroszlany.com\/index.php?rest_route=\/wp\/v2\/pages"}],"about":[{"href":"https:\/\/solyom.oroszlany.com\/index.php?rest_route=\/wp\/v2\/types\/page"}],"author":[{"embeddable":true,"href":"https:\/\/solyom.oroszlany.com\/index.php?rest_route=\/wp\/v2\/users\/1"}],"replies":[{"embeddable":true,"href":"https:\/\/solyom.oroszlany.com\/index.php?rest_route=%2Fwp%2Fv2%2Fcomments&post=106"}],"version-history":[{"count":0,"href":"https:\/\/solyom.oroszlany.com\/index.php?rest_route=\/wp\/v2\/pages\/106\/revisions"}],"up":[{"embeddable":true,"href":"https:\/\/solyom.oroszlany.com\/index.php?rest_route=\/wp\/v2\/pages\/23"}],"wp:attachment":[{"href":"https:\/\/solyom.oroszlany.com\/index.php?rest_route=%2Fwp%2Fv2%2Fmedia&parent=106"}],"curies":[{"name":"wp","href":"https:\/\/api.w.org\/{rel}","templated":true}]}}